 + 13. Let d(q) = 2*f(q) + 9*j(q). Let v(r) = t*d(r) - 5*g(r). Give v(-1).
5
Let h(z) = -2*z**3 + z**2 + 3*z - 3. Let g(s) = 4*s + 33. Suppose 77 = -4*b - 7*b. Let u be g(b). Suppose 0 = -4*m - u*m + 18. Determine h(m).
-9
Let l(s) = -3*s + 81 + 2*s - 6*s + 22*s - 4*s. Determine l(-7).
4
Suppose -144*z + 630 = -74*z. Let a(s) be the third derivative of 1/60*s**5 - 1/8*s**4 - z*s**2 + 0*s + 0 + s**3. What is a(4)?
10
Let b(f) = 3*f + 4. Let o be 2*11/2 - 6. Suppose -o = -5*v + 5*l, 4*v + 3*l = -0*v - 17. What is b(v)?
-2
Let h(k) = 100*k - 7. Let p(c) = -57*c + 3. Let z(g) = -8*h(g) - 14*p(g). Determine z(7).
0
Let n(y) = -6*y**2 - 5041290 + 5041291 + 7*y**2 - 5*y. Suppose -4*h = 3*i - 33, 0 = -5*i + 4*i + h + 4. Calculate n(i).
15
Let i(p) = -2*p + 3. Let g = 52 - 49. Suppose 11 = g*j - y, 4*j - 3*j - 3*y = 17. Suppose 3*b = -j*b - 4*z + 12, 4*z + 8 = 0. Calculate i(b).
-5
Let x(n) = -277*n + 364. Let i(a) = -40*a + 51. Let q(u) = -15*i(u) + 2*x(u). What is q(1)?
9
Let g(c) = -11*c + 2. Let z(p) = -5*p + 12. Let i(k) = -16*k + 40. Let h(t) = 3*i(t) - 10*z(t). Suppose 3*d = -2*d - 5. Let v(a) = d*g(a) - 5*h(a). Give v(0).
-2
Let q(a) = 421*a - 210*a - 207*a - 6. Suppose 3*r = 5*l - r - 25, 5 = l + 3*r. What is q(l)?
14
Let i(z) = 3931*z + 3928*z - 7843*z - 40. Give i(2).
-8
Let o = 17379 + -17365. Let l(k) = k**3 - 12*k**2 - 36*k + 107. Calculate l(o).
-5
Suppose -i + 2*m = -8, 2*i + 3006 - 3010 = m. Let t(q) = -2*q**3 - 3*q**2 - q + 7. What is t(i)?
7
Let w(x) be the first derivative of -x**4/4 - 3*x**3 - 3*x**2 + 10*x - 193. Suppose -2*r + 34 = -5*m, 0*m + 3*m - 5*r + 9 = 0. What is w(m)?
-6
Suppose 1032*n = -1021*n + 2100*n + 658. Let i(u) = -u**2 - 13*u + 7. What is i(n)?
-7
Let y(w) = 30*w - 8. Let s(p) = -13*p + 5. Let f(j) = -5*s(j) - 2*y(j). What is f(-1)?
-14
Let l(r) = -4*r + 8. Suppose 5*o + 104 = 4*s + 26, -3*s + 43 = 4*o. Suppose -s*y - 7*y + 192 = 0. Calculate l(y).
-24
Let u(r) = r**2 - 8*r - 3. Let a = 124 - 129. Let c be a*(-4)/70 - 108/(-14). Suppose h = -5*n - 12, -4*n + c = 3*h - 0*n. Give u(h).
-3
Let y(s) = 217*s**3 + 69*s**2 + 30*s + 76. Let a(i) = 48*i**3 + 17*i**2 + 7*i + 19. Let r(n) = 9*a(n) - 2*y(n). What is r(8)?
-21
Let k(w) = -52*w + 8. Let c be k(-1). Let o be 1/4 - (-45)/c. Let d(n) = -13*n. Give d(o).
-13
Let u(r) = 3*r**3 - 2*r**2 + 2. Suppose -24 = 4*d + 4*q - 192, 5*q - 166 = -4*d. Let n be (d/(-11))/(((-2)/1)/1). Give u(n).
18
Let d(z) be the second derivative of -z**5/20 + 5*z**4/12 + 19*z**3/6 - 27*z**2/2 + 3219*z - 2. What is d(7)?
8
Let k(y) be the third derivative of 11/6*y**3 + 0 + 87*y**2 + 1/12*y**4 + 0*y. What is k(-6)?
-1
Let n(q) = -2*q**2 - q - 1. Let h(a) = -8*a**2 + 37*a + 10. Let d(p) = h(p) - 3*n(p). What is d(20)?
13
Suppose f = 2*j - 12, 9 = j - f + 2*f. Suppose 4*x + 11 - j = 0. Let a(y) be the second derivative of -y**5/5 + y**3/3 + y**2/2 + 20*y. What is a(x)?
3
Let h(t) = -13*t**2 + 8*t - 46. Let r(k) = -15*k**2 + 12*k - 45. Let o(q) = -7*h(q) + 6*r(q). What is o(-8)?
-12
Let k(c) = -10*c + 6. Let h = -2388 + 2393. Determine k(h).
-44
Let s(r) = -31844*r + 15921*r + 24*r**2 + 15922*r. Determine s(1).
23
Let q(b) = 8*b**2 + 4*b - 8. Let j be -18*8/(-216)*-6 - -3*2. Determine q(j).
32
Let i = -5 - -7. Let x(z) = -i*z - 1 + 8 - 8. Let d be -14 - (164/(-20) + 15/75). Give x(d).
11
Let y(m) = 165*m - 10. Let t(f) = 7*f. Let z(r) = -25*t(r) + y(r). Give z(3).
-40
Let v(f) = 12 - 1869*f + 936*f + 935*f. Determine v(8).
28
Let f(s) be the second derivative of -s**6/72 + s**5/60 + s**4/2 - 9*s**2/2 + 77*s. Let o(c) be the third derivative of f(c). Determine o(-2).
22
Let z = 28 + -47. Let r = z + 39. Suppose 0 = 6*t + r + 16. Let w(o) = -o**2 - 5*o + 5. Calculate w(t).
-1
Let y = -37 + 62. Let c be 5*((-210)/y)/(-2). Let r(s) = -16*s**2 + s**3 + 35*s**2 - c*s**2 + 2. Give r(-2).
-14
Suppose -3*i = -2*d - 8, 3 = -5*d + 5*i - 22. Suppose 0 = 3*m + 4 - 16. Let t(k) = 8 + m*k**2 + 9*k - 19*k**2 + 9*k**2 + 7*k**2. Calculate t(d).
-6
Let a(t) be the third derivative of t**5/60 + 11*t**4/24 + 3*t**3/2 - 2*t**2 + 3917*t - 2. Give a(-9).
-9
Suppose -18*d + 112 + 32 = 0. Let t(i) = 2*i**2 + 4*i - 3. Let g be t(2). Let j = d - g. Let a(q) = q - 2. Calculate a(j).
-7
Suppose 0 = -22*v + 17*v - 110. Let a = 24 + v. Suppose -2*g = -h, 6 + 6 = a*h + 2*g. Let d(x) = 2*x. Give d(h).
8
Let c(d) be the first derivative of 7*d**2/2 + 23*d - 2191. Calculate c(8).
79
Let v be (4/(-6))/(46/(-345)). Let f(z) = -z**3 + 7*z**2 - 12*z + 9. Let a be f(v). Let b(l) = 7*l**3 + 2*l**2 + l. Calculate b(a).
-6
Let l(z) = -1. Let t(m) = 4*m**2 - m - 5. Let u(f) = -5*l(f) + t(f). Let y be ((-21)/(-28)*-2)/(-3 - 45/(-10)). Calculate u(y).
5
Let u(n) = -12*n**2 - 10*n - 9. Let i = -2270 - -2269. Determine u(i).
-11
Let t(j) = j**2 + 5*j + 5. Suppose f = -3*f - 1352. Let p = 334 + f. What is t(p)?
1
Let w be (-18)/4*((-456)/36 + 12). Let q(d) = -12*d + 35. Determine q(w).
-1
Let c = -27 - -29. Suppose 17*j - 15*j = 10. Let l(i) = -c + 2*i - j*i + 5*i - i. Give l(6).
4
Let s(n) = -5*n**3 - n**2 + 13*n - 5. Let f(l) = 9*l**3 + 2*l**2 - 30*l + 13. Let a(h) = 3*f(h) + 7*s(h). Calculate a(2).
-62
Let b(c) = -2*c**3 + 11*c**2 + 8*c + 1. Let k be b(6). Suppose k*t = 124 + 149. Let o be 60/14 + (-6)/t. Let x(l) = l**2 - 4*l - 5. Determine x(o).
-5
Let m(j) = 9*j**3 + 8*j**2 - 13*j - 138. Let u(t) = -13*t**3 - 12*t**2 + 20*t + 220. Let b(h) = 8*m(h) + 5*u(h). Give b(-2).
-36
Let q be (4 - (-4 + 8)) + 6*1. Let l(u) = -8*u - 6*u**2 - u**3 + 4*u - q - 4*u. Let a = 132 + -137. Determine l(a).
9
Let q be (-21 - -33)*(-3)/(-9). Let z(y) = -2*y + 2 - 7 + 0*y**2 + y**3 - 3*y**2. Calculate z(q).
3
Suppose -2*x - 11*h = -7*h - 974, -4*h + 4 = 0. Let y(n) = 0*n**2 - 484*n + x*n - 4*n**3 + 0*n**2. Calculate y(-1).
3
Let n(w) be the second derivative of w**4/4 + 4*w**3/3 + 7*w**2/2 + 36*w + 39. Suppose 5*s + 3*b + 22 = 0, 2*s - 3*b + 14 = b. Determine n(s).
42
Let m(v) = 0*v + 6*v**2 + 20*v - 8*v**2 + 77 + v**2. Determine m(25).
-48
Let x = -2405 + 2407. Let g(i) = -i**3 - 2*i**2 - 2*i + 1. Give g(x).
-19
Let y be -6 + -1 + 3 + 7 + 52. Let v(n) = 54*n + 2 - y*n - 4 - 2. Suppose 3*g - 33 = 4*h, -3*g + 0*g + 9 = 0. Give v(h).
2
Let c(h) = 4*h - 4 - 9*h + 5 - h. Let t(w) = -4*w - 14. Suppose 7*d = 10*d + 12. Let n be t(d). Calculate c(n).
-11
Let u = -3479 + 3474. Let d(p) = 0*p**3 + 2*p**3 - p**3 - 4 + 5*p**2. Calculate d(u).
-4
Let r(p) = p**3 + 9*p**2 - 10*p + 7. Let m be r(-10). Let y(t) = -1112*t + 43. Let v(o) = -794*o + 29. Let a(n) = -7*v(n) + 5*y(n). Give a(m).
-2
Let v = -2395 + 2402. Let l(g) = g**2 - 12*g + 32. Give l(v).
-3
Let o(p) = 7*p**2 - 3*p - 8. Let a(i) = 10*i**2 + 73 - 4*i - 219 + 72 + 68. Let s(g) = 2*a(g) - 3*o(g). What is s(5)?
-8
Let v(i) = -i**3 + 9*i**2 - 11*i + 10. Let j(k) = -k**3 - 42*k**2 + 53*k - 20. Let u be j(-43). Let x = -442 - u. Calculate v(x).
-14
Let l(g) = g**3 + 42*g**2 - 254*g - 890. Let z be l(-47). Let u(q) = 16*q - 50. Give u(z).
-2
Let x(a) = 69*a**2 + 25*a + 6. Let s(n) = -32*n**2 - 14*n - 3. Let k(i) = -13*s(i) - 6*x(i). What is k(-16)?
3
Let u(k) = -39*k - 2231. Let b be u(-57). Let r(z) = z**2 + 14*z + 46. Determine r(b).
-2
Let z(d) = 5*d**3 + d**2 + 4*d - 1. Let j(c) = 42*c**3 + 9*c**2 + 33*c - 8. Let i(x) = -3*j(x) + 25*z(x). Determine i(-3).
5
Let u(a) = -a**3 - 3*a**2 + 5*a - 1. Let j(p) = 2*p**3 - 1 - 17*p - 1 - 136*p**2 + 5 + 142*p**2 + 6*p. Let k(q) = 3*j(q) + 7*u(q). Determine k(-2).
-6
Let r(k) = -3*k**2 + 4*k - 2. Let h(w) = -w**3 + w**2 + 3*w + 2. Let z be h(3). Let v be ((-1)/(-3))/((-22)/330). Let y be (-21)/(-35) + z/v. Determine r(y).
-6
Let r(k) = k**3 + k**2 - k + 1. Let v(i) = 35*i**3 + 3*i**2 - 2*i + 2. Let a(x) = 3*r(x) - v(x). Let f = 46290 - 46289. What is a(f)?
-32
Let b(d) = -5 + d + 4 + d**2 + d - 2*d + 26*d**3 - d. Suppose 113 + 55 = 5*f - 3*a, 2*f = 5*a + 52. Let g = 35 - f. What is b(g)?
-25
Suppose 158*g + 111*g = -203*g + 10856. Let w(c) = -5*c**2 + 116*c - 13. Give w(g).
10
Let u be 3/(-4) + (-3)/(-4). Suppose -14*w + 4*w + 30 = u. Let z(j) = 4 - 2*j - j**w - 6 + 2*j + 2*j + 2*j**2. Calculate z(3).
-5
Let w(y) = -798*y**2 - 9*y - 803*y**2 + 16 + 8 - y**3 + 8*y + 1610*y**2. Give w(9).
15
Let w(j) be the first derivative of 1/4*j**4 + 4/3*j**3 - j**2 - 77 + 0*j. Give w(-